 c and 126?
14
Let a be -16*(1 - (-5)/(-2)). Suppose 0*v + 48 = 3*v. Suppose -5*j = -v - 44. Calculate the highest common factor of j and a.
12
Suppose 0 = -4*j + 135 + 25. Calculate the greatest common factor of 5 and j.
5
Let x(d) = d**3 + 8*d**2 + 7*d + 2. Let o be x(-7). Let q(b) = 3*b**2 - 5*b - 6. Let u be q(3). What is the highest common factor of o and u?
2
Suppose -2*v = 2*p - 64, 4*p - 51 = 2*v + 77. What is the greatest common divisor of 8 and p?
8
Let l be (2 - -1)*1/3. Let y be (-22 + l)/(-3) - -3. What is the highest common factor of 25 and y?
5
Suppose 4*x = 133 + 27. What is the highest common divisor of 5 and x?
5
Suppose 4*t + 20 + 0 = 3*v, 0 = -5*v - 3*t + 43. Suppose 0 = 6*b - b. Let i be (b + -38)/(v/(-4)). Calculate the highest common divisor of 209 and i.
19
Let w(a) = a**2 + 6*a + 6. Let m be w(-6). Let o = m + -6. Let t be (-15)/(-2)*10 - o. Calculate the greatest common divisor of t and 30.
15
Suppose 0 = -3*j - 3 + 12. Let o = j - 3. Suppose o = -4*c + 50 - 2. Calculate the greatest common factor of c and 3.
3
Let i = -59 + 111. Let o be -3*-2*i/8. What is the greatest common factor of 26 and o?
13
Let g(i) = -5*i + 1. Suppose -1 = -c - 0. Let v be g(c). Let d = 6 - v. What is the highest common factor of d and 80?
10
Let l be (1 + 0/2)*1. Suppose -c + 2 = l. Let a be (-2)/c + (-10)/(-1). Calculate the greatest common divisor of 64 and a.
8
Suppose j + p = 40 + 4, -2*j = p - 84. What is the highest common divisor of 360 and j?
40
Let k be 8/12*3 - -11. What is the highest common divisor of 52 and k?
13
Suppose -3 = v + 1, -4*k + 3*v = -252. Calculate the greatest common factor of k and 6.
6
Suppose -18 + 75 = 3*u. Calculate the greatest common factor of u and 19.
19
Suppose 9*m - 1056 = m. What is the highest common divisor of m and 12?
12
Let c(u) = 13*u - 2. Let y be c(2). Let j(k) = 2*k. Let t be j(1). Let i be (t + -2 - -18) + -2. Calculate the highest common factor of i and y.
8
Suppose -5*g + 284 = -p, -3*g - 2*p - 288 = -8*g. What is the greatest common divisor of g and 8?
8
Suppose -5*i + 21 = -44. Suppose -14 + 118 = -2*g. Let u be 4/(-2*1/g). Calculate the highest common factor of i and u.
13
Suppose -w + 5*w + s + 285 = 0, -5*w + s = 363. Let u = -27 - w. What is the highest common divisor of u and 9?
9
Let c = -14 - -24. Suppose -i - 3*z + 10 = 0, -i + 4*z = -5*i + 24. Calculate the highest common factor of c and i.
2
Let v(i) be the first derivative of -7*i**2/2 - i - 6. Let c be v(-3). What is the greatest common factor of c and 5?
5
Let t = 0 - -2. Let v(f) = 7*f**2 - f - 1. Let c be v(t). Calculate the greatest common factor of c and 10.
5
Suppose 12 = c - 3*o, -c = 2*c + 2*o - 47. What is the highest common divisor of c and 105?
15
Suppose f + 90 = 3*f + 2*i, f = 2*i + 30. What is the greatest common factor of f and 8?
8
Let i(b) = -b**3 - 12*b**2 - b + 13. Let x be i(-12). What is the highest common factor of x and 5?
5
Let i(x) = 2*x**2 - 7*x + 6. Let p be i(6). Let c = 111 - 21. What is the greatest common factor of p and c?
18
Let v(o) = -o**2 - 6*o + 1. Let h be v(-6). Let s be -5 - (1 - h - 0). Let q = 1 - s. What is the highest common divisor of q and 15?
3
Suppose 8*q = 198 + 234. Calculate the highest common factor of q and 54.
54
Let g(w) = 3*w**2 + 3*w - 1. Suppose -3*i - 6 = 3. Let s be g(i). Let x = 247 - 128. Calculate the greatest common divisor of s and x.
17
Suppose -3*r + 272 = 3*h + 104, 4*r + h = 236. What is the highest common factor of 30 and r?
30
Suppose 14 = 3*u - 1. Let v = 1 + u. Let l = 13 - -41. What is the greatest common factor of v and l?
6
Suppose -4*d + 155 + 245 = 0. Calculate the greatest common divisor of d and 25.
25
Let k be (-1*1)/((-8)/40). Suppose -46 = 3*r - k*r. What is the highest common factor of 115 and r?
23
Suppose -16 = 2*y - 70. Suppose -2*t = -5*t + y. Calculate the highest common factor of t and 6.
3
Let a = -52 + 27. Let c be 2/(-5) + (-2485)/a. Calculate the highest common divisor of c and 9.
9
Let f = 1 + -25. Let q be -15*f/27*-9. Let j = q - -190. Calculate the greatest common divisor of j and 14.
14
Let f(i) = 4 - 4*i**3 - 6*i - 7*i**2 - 5 + 3*i**3. Let x be f(-6). Let w be (-68)/(-2) - (x + -1). What is the highest common divisor of w and 90?
18
Let j be -1 + -1 - (-6 + -8). Let q = j - 5. Suppose -3*d = 4*n - 34, n - 2 = -d + q. What is the highest common divisor of n and 56?
7
Let u(w) = 10*w**2. Let l be u(2). Suppose -3*r = -8*r + 4*z - l, 0 = -r - 2*z + 6. Let p = r + 18. Calculate the greatest common divisor of 14 and p.
14
Let w(a) = -10*a - 2. Let t be w(4). Let x = -8 - t. What is the highest common divisor of 51 and x?
17
Let v = 14 - 12. Suppose 0 = 2*y + 4*n - 114, v*y + 2*n - 113 = -n. Calculate the greatest common factor of y and 11.
11
Suppose -2*o + 36 = 2*j + j, 5*o + 5*j = 90. Calculate the highest common divisor of 18 and o.
18
Suppose -2*s + 73 = j, 2*j + 0 = 6. Suppose -13 = -5*i + 12. What is the greatest common factor of s and i?
5
Let l = 2 + 0. Let u be (-7 + 8)/(l/28). Suppose 3*m - 18 = -3*p, -2*m + 2 = 3*m - 2*p. What is the highest common factor of u and m?
2
Suppose 3*y = -2*y - 30. Let w(a) = -a - 5. Let o be w(y). Let p = 21 + -13. What is the greatest common factor of p and o?
1
Suppose 0 = 2*z - 60 - 44. Calculate the highest common divisor of 468 and z.
52
Let v be (-8)/3*84/(-8). Calculate the greatest common divisor of v and 14.
14
Let s(x) = 2*x**3 + 6*x**2 + 6*x + 4. Let l be s(-6). Let o = l + 413. Suppose w = 2*w - o. What is the highest common factor of w and 15?
15
Suppose -6*y + 14 = -4*y. What is the greatest common divisor of 49 and y?
7
Suppose 0*d - 2*w = -3*d + 36, d + 2*w = 4. Let l = 20 + d. Suppose -i - 54 = -4*h + 2*i, -h + 2*i = -11. Calculate the highest common factor of h and l.
15
Suppose -5*z = 2*c - 120, c = 3*z + 4*c - 81. What is the greatest common factor of 4 and z?
2
Suppose -9 = 5*t - 24. Suppose -80 = -t*f - f. Let k = f + -13. Calculate the greatest common factor of k and 21.
7
Suppose 4 = -5*j + 19. Let x = 0 - j. Let q be (x/3 - 4)/(-1). Calculate the highest common divisor of q and 35.
5
Suppose 0 = -5*s + 8 + 7. What is the greatest common divisor of s and 24?
3
Suppose m - f + 17 = 0, -5*m - 3*f + 22 = 83. Let p = 12 - m. Calculate the highest common divisor of 13 and p.
13
Let h = -38 + 62. Suppose -48 - h = -2*w. Suppose -w = -y - y. What is the highest common factor of y and 12?
6
Suppose 5*o = 2*o + 6. Suppose -o*p + 425 = 3*p. Calculate the greatest common factor of 34 and p.
17
Let v = -30 + 48. Suppose -2*c - 4 = -v. What is the greatest common divisor of 63 and c?
7
Suppose -t = -3*f + 4, 0*t = -2*f - 4*t + 26. Suppose -5 = g + 5*y, -3*y + f = 5*g - 4*g. Calculate the highest common divisor of g and 10.
5
Suppose n = 4*c, -2*n = -2*c - 0*c - 18. Let y(u) = 5 - 7 + n - 10*u. Let d be y(-7). What is the highest common divisor of d and 8?
8
Let j(t) = 22*t - 1. Let x be j(1). Let i = -11 - -25. Suppose 3*s = s + i. Calculate the highest common divisor of s and x.
7
Suppose 4*a - a - 45 = 0. Calculate the highest common factor of a and 5.
5
Suppose b = -3*c + 68, 323 = -7*b + 12*b - 2*c. Calculate the greatest common divisor of 13 and b.
13
Let c(r) be the second derivative of -38*r**3/3 + r**2/2 - 3*r. Let t be c(-1). Calculate the highest common factor of t and 11.
11
Suppose 0 = -2*x - 2*c + 64, c = 2*x + 5*c - 72. Suppose 4*o - 82 = -8*r + 3*r, -5*r + 2*o = -64. Calculate the greatest common factor of x and r.
14
Suppose -89 = -5*j + 2*a, -a - 3*a + 26 = 2*j. Calculate the greatest common factor of 85 and j.
17
Suppose 0 = 5*y - 2*n - 16 + 1, -2*n = 0. Suppose y*i - 88 = -13. What is the highest common divisor of 10 and i?
5
Let g(d) = -5*d**2 + 2*d**2 + 4*d**2 + 0*d**2 - 2*d. Let k be g(-4). What is the highest common factor of 6 and k?
6
Suppose -4*u = -2*u - 72. What is the greatest common divisor of 90 and u?
18
Suppose -3*z = -4*z - 1. Let a = z - -3. What is the highest common divisor of 16 and a?
2
Let z be (-357)/(-85) + 4/5. Calculate the highest common divisor of 10 and z.
5
Suppose -z = 4*d - 194, 3*z = d - 27 + 622. What is the greatest common divisor of z and 22?
22
Let z(j) = -j**2 - 7*j - 6. Let o be z(-5). Let v be (4/(-6))/((-1)/(-12)). Let 